8 (base 10) to base 6.
-42330024
What is -2012123203 (base 4) in base 7?
-4452220
100010101100110001 (base 2) to base 12
6a301
What is 1633054 (base 8) in base 2?
1110011011000101100
What is -202000233 (base 4) in base 15?
-2b426
-3172547 (base 8) to base 7
-10134651
-a104530 (base 11) to base 5
-14034220443
What is 3503647 (base 10) in base 12?
120b6a7
What is 12100101000110 (base 3) in base 10?
2841654
Convert 127d44 (base 16) to base 2.
100100111110101000100
What is -6340a3 (base 11) in base 6?
-33434054
485ba (base 16) to base 5
33441003
-43036545 (base 7) to base 10
-3656658
What is -158174 (base 9) in base 8?
-277052
What is 641102 (base 9) in base 5?
44200400
What is 111111111000011 (base 2) in base 8?
77703
What is -9039a (base 16) in base 4?
-2100032122
Convert 111004 (base 11) to base 6.
3443323
Convert -1143173 (base 13) to base 5.
-2330203300
What is 5fe2aa (base 16) in base 2?
10111111110001010101010
-803854 (base 14) to base 5
-2100444331
-ab420 (base 16) to base 5
-134421342
-1911b (base 13) to base 2
-1011110110001111
-721434 (base 10) to base 11
-45302a
What is -101021122202 (base 3) in base 11?
-129091
Convert 2bc60 (base 16) to base 3.
100002221121
What is 2210211012002 (base 3) in base 4?
11230112300
What is -230300333 (base 6) in base 3?
-21221112011210
Convert d1289 (base 15) to base 14.
1333d5
What is 1855b84 (base 14) in base 16?
b7b808
110101210303 (base 4) to base 16
511933
Convert 8372c2 (base 16) to base 14.
1203602
-14330 (base 11) to base 8
-47611
What is -10112233 (base 5) in base 11?
-56831
What is -2575870 (base 12) in base 6?
-421553420
Convert -867cf (base 16) to base 3.
-1000222122100
Convert -100001111110101101101 (base 2) to base 16.
-10fd6d
What is -14102a (base 14) in base 6?
-22514114
1e357 (base 15) to base 10
98632
Convert -100201120001 (base 3) to base 2.
-101110101110101100
Convert a0646 (base 16) to base 2.
10100000011001000110
What is -652c80 (base 14) in base 2?
-1101000100101010100000
-712245 (base 8) to base 11
-150339
What is -1245717 (base 8) in base 7?
-2643626
What is -133b8 (base 14) in base 3?
-2102000111
Convert -2016796 (base 10) to base 9.
-3713464
Convert -545630 (base 8) to base 10.
-183192
-1530464 (base 12) to base 5
-2044334004
What is 278dd (base 16) in base 13?
58987
-8881289 (base 10) to base 5
-4233200124
What is 301011112 (base 4) in base 12?
9841a
-311143143 (base 5) to base 16
-136779
Convert 7828c1 (base 14) to base 5.
2021014241
Convert 90785 (base 11) to base 8.
403145
Convert 2a9ba (base 16) to base 3.
22212101210
What is 10111212000202 (base 3) in base 14?
368565
What is -460620 (base 8) in base 4?
-212012100
Convert -354055 (base 7) to base 16.
-f95e
What is 2e51e7 (base 15) in base 5?
1033313232
Convert -12211132130 (base 4) to base 7.
-20450063
-149d53b (base 15) to base 12
-4bbb432
What is -a1a20 (base 11) in base 5?
-14231343
Convert 1011100111011000100 (base 2) to base 4.
1130323010
What is -12221211202112 (base 3) in base 8?
-14047260
What is -134a73 (base 13) in base 16?
-7225c
6854190 (base 10) to base 7
112155030
Convert -79571 (base 16) to base 10.
-497009
Convert -463212 (base 8) to base 12.
-77062
What is 1226012 (base 7) in base 5?
20030012
Convert -1839240 (base 11) to base 14.
-5b18a9
Convert 1122321133 (base 4) to base 13.
10060c
-3891212 (base 10) to base 13
-a631c0
Convert 1577625 (base 9) to base 2.
11010110011010010001
What is 1445025 (base 13) in base 3?
110010001020100
What is 10011111101110001101 (base 2) in base 7?
5363231
Convert -667571 (base 8) to base 3.
-102102211201
Convert 101101022022 (base 3) to base 14.
54680
What is 14313245 (base 9) in base 3?
111100110021112
148228 (base 9) to base 11
62672
-177589 (base 16) to base 13
-41aa1b
What is -201212021020220 (base 3) in base 13?
-22575b1
Convert -d6dcd (base 15) to base 3.
-1021121211111
What is 331232 (base 7) in base 4?
32023220
What is -24164 (base 12) in base 9?
-73604
What is 1001101011100011110 (base 2) in base 14?
83862
Convert -230c24 (base 13) to base 9.
-1504885
3301775 (base 9) to base 13
4a0c1b
Convert 101121002202 (base 3) to base 10.
208568
-9773c (base 13) to base 9
-456348
-4264533 (base 7) to base 15
-a423c
Convert 1000342 (base 5) to base 7.
63560
146601323 (base 7) to base 14
144b7ba
What is 2273250 (base 9) in base 16?
12c1f5
Convert -43011020 (base 5) to base 9.
-608010
11b34ab (base 12) to base 13
945b60
Convert 193a5a (base 11) to base 3.
120010220022
What is -12103431 (base 5) in base 8?
-334537
What is 32014 (base 6) in base 3?
12221101
Convert -423253 (base 8) to base 3.
-21011101011
Convert -301301132 (base 4) to base 15.
-40615
Convert 130dc (base 16) to base 4.
103003130
What is -6672493 (base 10) in base 14?
-c59949
Convert 27105a (base 16) to base 4.
21301001122
6140022 (base 8) to base 16
18c012
What is 3213034302 (base 5) in base 16?
6745cd
2300422241 (base 5) to base 9
10521155
What is 3047417 (base 10) in base 16?
2e7ff9
Convert -31103032 (base 4) to base 12.
-2763a
32197 (base 10) to base 3
1122011111
What is 11001000000 (base 3) in base 5?
10020321
Convert 12000220311 (base 4) to base 10.
1575477
What is -661201 (base 8) in base 4?
-312022001
Convert -400012 (base 14) to base 13.
-5a4287
-22249 (base 10) to base 3
-1010112001
Convert 42a99 (base 12) to base 5.
10303312
What is 1010110100001101101011 (base 2) in base 11?
1667232
What is 212213003 (base 7) in base 15?
1195d45
Convert 1005044 (base 9) to base 2.
10000010101001010110
What is -1000001010110101000 (base 2) in base 12?
-10aab4
Convert -113300013 (base 4) to base 9.
-157406
Convert 264263326 (base 7) to base 11.
9655386
What is 100012122222212 (base 3) in base 12?
1780572
1311205134 (base 6) to base 11
87aa218
What is 121022122222 (base 3) in base 2?
1001110011011011101
Convert -18403 (base 15) to base 2.
-10011001011000000
7a37b (base 13) to base 5
24110011
1203013 (base 5) to base 3
1010112101
What is 2ca77 (base 13) in base 10?
85274
-11233313400 (base 5) to base 11
-7247681
What is 2010011212210 (base 3) in base 13?
305391
2076755 (base 9) to base 10
1113800
What is 5d53c (base 15) in base 12?
124686
What is 9439 (base 16) in base 13?
1436b
What is 220123211 (base 4) in base 3?
22102011112
Convert 4103834 (base 10) to base 7.
46611350
What is 2117355 (base 8) in base 11?
356522
What is -22221023122 (base 4) in base 11?
-1636280
Convert -11010011100010 (base 2) to base 11.
-a198
Convert 100010010111101110100 (base 2) to base 3.
2010012221100
What is -30071713 (base 8) in base 13?
-14041c5
Convert -82993 (base 10) to base 11.
-57399
Convert 14301430 (base 5) to base 11.
a2972
Convert -179851 (base 11) to base 4.
-1003200331
111011011111010010110 (base 2) to base 6
105440410
What is -2662076 (base 8) in base 2?
-10110110010000111110
What is -12220002 (base 5) in base 13?
-41277
-4160837 (base 9) to base 14
-41cb49
What is 777807 (base 15) in base 3?
101201100122221
91abac (base 13) to base 10
3394169
Convert 2713425 (base 8) to base 10.
759573
What is -37d6c (base 15) in base 2?
-101011100101011111
What is -b767a (base 14) in base 4?
-1230022330
Convert -210220110 (base 3) to base 14.
-5b69
What is -11101122210 (base 3) in base 8?
-250746
6a983 (base 11) to base 15
204c6
Convert 101011012121111 (base 3) to base 15.
7192a7
What is -f4331 (base 16) in base 14?
-1c073b
Convert -a96c5 (base 14) to base 10.
-410205
-10011011000101011 (base 2) to base 6
-1411335
Convert 110010011100011011101 (base 2) to base 14.
310565
103955 (base 13) to base 11
23a118
141312152 (base 6) to base 4
22330331210
What is 21240231 (base 6) in base 13?
18c721
Convert -4c7b (base 13) to base 5.
-322133
Convert 2b7a2 (base 16) to base 11.
111883
-6088622 (base 9) to base 6
-153334332
What is -3c48a (base 13) in base 14?
-2d19b
Convert 60153 (base 9) to base 7.
223101
What is -1ab14 (base 15) in base 2?
-10101001101010101
What is 332e3 (base 16) in base 14?
5657d
What is b0308 (base 14) in base 9?
714431
Convert -3535523 (base 6) to base 8.
-547313
What is -5866 (base 14) in base 9?
-23076
What is 788a1a (base 13) in base 11?
1674956
-233121203 (base 5) to base 13
-2b48c0
What is -5b7a (base 13) in base 2?
-11001010010001
339c1 (base 15) to base 11
102409
Convert 2da253 (base 15) to base 3.
11011100010120
-32124121 (b